digit of p?
2
Let f(g) = 5*g**3 + 3*g**2 + 16*g - 20. What is the tens digit of f(6)?
6
Suppose 0*j + 2*j + 4 = 0, 0 = 5*c + 5*j - 55. Let n = c + -53. Let u = 83 + n. What is the units digit of u?
3
Suppose -3*v + 132 + 39 = 0. Suppose 0 = 4*y + v - 5. Let k(m) = m**3 + 14*m**2 + 7*m - 18. What is the tens digit of k(y)?
6
Let q(a) = 4*a - 5. Let h be q(4). What is the tens digit of (-27)/(-2)*(h - 9)?
2
Let c(n) = -2*n - 3. Let k be c(-3). Suppose -2*a + k*a - 30 = 0. What is the units digit of ((-84)/a)/(2/(-5))?
7
Suppose 5*q + 3*y - 22 = 14, -2*q - y + 14 = 0. Let t be (-5)/(-15)*1*q. What is the units digit of (t/2)/(7/7)?
1
Let f = -211 - -433. Suppose -2*y = -y + v - 210, -f = -y - 4*v. What is the units digit of y?
6
Let z = -14 + 16. Suppose 0 = 3*g - z*a + 2, -2*g - 3*a - 3 = -6*a. Suppose g = 4*t - 33 - 91. What is the units digit of t?
1
Suppose -2*f + 0*f = 0. Suppose f = 4*q + 32 - 44. Suppose 23 = 5*j + q. What is the units digit of j?
4
Suppose -8949 = -140*g + 121*g. What is the hundreds digit of g?
4
What is the hundreds digit of (36778/148)/(1/22)?
4
Let c be (-2532)/9 - (13/(-3) + 4). Let a = c - -432. What is the hundreds digit of a?
1
What is the units digit of 2/(-5) - (-4)/(60/8211)?
7
Suppose 8*n = 5*f + 3*n + 30, -4*n = -3*f - 16. Let a = 96 - f. What is the units digit of a?
4
What is the units digit of ((-132)/(-20) + -7)*-1970?
8
Let n(c) = -c**3 - 7*c**2 + 4. Let p be n(-7). Suppose p*o = -3*o. What is the tens digit of (1 + o)/((-6)/(-150))?
2
Suppose 2*j - 3*u = 2*u + 20, 3*j - 2*u - 30 = 0. What is the units digit of 2409/15 + j/25?
1
Suppose -o - 790 = -0*w + 5*w, -w = 5*o + 158. Let d = w + 282. What is the units digit of d?
4
Let l(p) = -56*p**3 - p. Let z = 11 - 10. Let s be l(z). Let k = 81 + s. What is the tens digit of k?
2
Suppose 7*o - 13 - 15 = 0. Suppose -i + 0 - 1 = o*h, 0 = 5*i + h - 14. Suppose -f + i*f = r - 50, f + 4 = 0. What is the tens digit of r?
4
Suppose 0 = 5*x + 25, -2354 = -i - 2*i + 4*x. What is the units digit of i?
8
Suppose 0 = -4*u + 4*a + 52, -2*a = a. Suppose -u*n + 640 = -3*n. What is the tens digit of n?
6
Suppose -5*b - 3 = 3*a - 8, 3*b - 14 = -4*a. Suppose 199 + 121 = a*i. What is the units digit of i?
4
Suppose 0 = c + 5*a - 2431, 5*c - 2*a = 3*a + 12065. What is the thousands digit of c?
2
Let q(v) = -v**2 + 8*v + 10. Let s be q(9). Let z be 18/3 - 3 - s. Suppose -3*k - 2*d + 16 = 0, k + z*d - 4 = -0*k. What is the units digit of k?
6
Let z(v) = -11*v**3 + v**2 + 10*v - 16. What is the thousands digit of z(-6)?
2
Let y(t) = 11*t**3 - t**2 + 8*t - 8. What is the tens digit of y(1)?
1
Suppose s = 2*d + 170 + 189, -2*s + 5*d = -722. Suppose -7*m + s = -20. What is the units digit of m?
3
Let h = 4656 - 3224. What is the tens digit of h?
3
What is the hundreds digit of 3*(-1)/2*(-6990)/45?
2
Let u(h) = -5*h - 12. Let t be u(-9). Suppose 4*j = -5*r + 274, 4*j - 25 = -r + t. Let a = -32 + r. What is the tens digit of a?
2
Let j be (-60)/9 + 1*3/(-9). Let r(h) = h**3 - 5 - 11 + 8*h**2 + 3 - h. What is the units digit of r(j)?
3
Suppose 2*w = 7*w - 85. Suppose m + 3*t + t = -w, -2*m + 2*t = -16. Suppose 2*i - i + m*b = 35, 2*i - b - 91 = 0. What is the units digit of i?
4
Let y = 508 + -442. What is the tens digit of y?
6
Suppose 111*n - 109*n - 5126 = 0. What is the units digit of n?
3
Let i(t) = 2*t - 14. Let r(n) = n**2 - 9*n + 11. Suppose -4*d + 7*d = 27. Let m be r(d). What is the units digit of i(m)?
8
Let g = 649 - 408. What is the hundreds digit of g?
2
Let i be 11/11 - (6 - -1). Let b = -5 - i. What is the units digit of b?
1
Suppose 0 = -3*b + 10*b + 119. Let m(j) = -j**2 - 22*j + 12. What is the units digit of m(b)?
7
Suppose -p - 19 = -5*v, 2*p + 10 = -2*v - 2*p. Suppose -v*j = j - 592. Suppose 5*s - 5*h + 3 = j, 5 = -h. What is the units digit of s?
4
Let y = 181 - 24. Let i = y + -153. What is the units digit of i?
4
Let p(x) be the second derivative of -x**3/2 - x**2/2 + 17*x. What is the units digit of p(-10)?
9
Let j(a) = 2*a**3 - 5*a**2 - 3*a - 24. Let h be 104/18 - (-2)/9. What is the units digit of j(h)?
0
Let r(d) = 3*d**2 + 14*d + 20. Let l(q) = q**3 + 13*q**2 + 31*q + 2. Let j be l(-10). What is the tens digit of r(j)?
0
Suppose -h + 1 = 3*s, s - 1 = -h - 4. Suppose -s*i + 4*z + 230 = 0, -3*z = i + 2*i - 300. What is the hundreds digit of i?
1
Let w(g) = 22*g**2 + 12 - 4*g**2 + 11*g**2 - 11. Let d be w(-1). Suppose -d = -4*n + 70. What is the units digit of n?
5
Let y = -3 + 6. Suppose 17*u - 27 = 8*u. Suppose -y*w - u*a + 39 = 0, 3*w - 13 = 4*a + 5. What is the units digit of w?
0
Let c(z) = 183*z**2 - 11*z - 41. What is the tens digit of c(5)?
7
Let x be (-6)/15 - 4/(-10). Suppose 0 = 4*c - x*c - 400. Suppose 5*l + 3*p - 99 = 0, -4*l + c = 5*p + 13. What is the tens digit of l?
1
Let j = 884 - -776. What is the units digit of j?
0
Let f(v) = v**2 + 14*v - 12. Let k be f(-15). Suppose -k*b - 2*b + 130 = 0. Suppose -2*n + b = c, -4*c = -7*n + 4*n + 28. What is the units digit of n?
2
Let t be 6 - (-4)/((-8)/2). Suppose -335 = -4*n - 5*f, 257 = 3*n + t*f + 7. What is the tens digit of n?
8
Let b = -35 + 42. Let t(d) = d**2 - d + 15. What is the units digit of t(b)?
7
Suppose -2*l = c - 3325, 4*l = -3*c + 9482 + 483. What is the units digit of c?
5
Let j = 0 + 24. Let z = 25 - j. What is the units digit of z/(-2) + (-15)/(-2)?
7
Let v = -1866 + 2767. What is the tens digit of v?
0
Suppose -4*c = 2*u + 20, 3*u + 4*c + 42 = 2*c. What is the units digit of u/((-3)/(-12)*-2)?
2
Suppose 63 = -4*g - 77. Let k = -78 - g. Let t = -26 - k. What is the units digit of t?
7
Let u(s) = 4*s**2 + 33*s + 10. Let n be u(-8). Let d be (1 - (0 - -1)) + 3. Suppose d*w = 2*c + 107, -185 = -6*w + w + n*c. What is the tens digit of w?
3
Let r(j) = -j + 10. Let p be 12*(0 - 2/(-3)). Let t be r(p). What is the units digit of (t/(-3))/((-1)/9)?
6
Let o = 204 - -132. What is the units digit of o?
6
Let c(h) be the first derivative of -h**3/3 - 13*h**2/2 - 36*h - 5. What is the units digit of c(-7)?
6
Let x = -49 - -26. Let p be ((-4)/(-4))/(2/76). Let q = p + x. What is the units digit of q?
5
Let i(u) = -645*u + 66. What is the hundreds digit of i(-1)?
7
Let h(q) = -6*q + 48. Let g be h(9). Let o = 50 + 62. What is the units digit of (6 + -9)*o/g?
6
Let z(j) = -2*j + 89 - j + 25*j**2 - 55*j**2 + 31*j**2. What is the units digit of z(0)?
9
Suppose 0 = -3*n, -4*w = -3*w + 2*n + 9. Let y = w - -63. What is the units digit of y/8*16/6?
8
Suppose 0 = -3*x - b + 12, -6*x + x + 40 = -5*b. Suppose -5*v + g = -925, 2*v + 555 = x*v + 5*g. What is the hundreds digit of v?
1
Suppose 3*a + 4*a = 1078. What is the tens digit of a?
5
Suppose -5*w = -8*w + 12. Let a(u) = 9*u. Let m be a(w). Suppose -c - m = -3*c. What is the units digit of c?
8
Let r(z) = -3*z**3 + 10*z**2 + 26*z + 7. What is the tens digit of r(-6)?
5
Suppose -6*w + 91 + 41 = 0. Let z be ((-17)/(-2))/((-11)/w). Let p(i) = -i**2 - 18*i - 10. What is the units digit of p(z)?
7
Let w = 617 - 351. Let b = 445 - w. What is the hundreds digit of b?
1
Let c(v) = v - 2. Let y be c(4). Suppose -2*b - 138 = -2*k, y*b - 39 - 87 = -2*k. What is the tens digit of k?
6
Suppose 5*s - s = 0. Let i(k) = k**2 - 2*k + 67. What is the tens digit of i(s)?
6
Let o be ((-2)/(-4))/(5/1140*-2). Let k = 91 + o. What is the tens digit of k?
3
Suppose 1893*x - 1916*x = -24449. What is the tens digit of x?
6
Suppose 8*f = 2571 + 3461. What is the tens digit of f?
5
Let t = 155 + -74. What is the tens digit of t?
8
Let r(t) = 804*t**2 + 16*t - 13. What is the tens digit of r(1)?
0
Let h(x) = 2*x**2 + 45*x - 23. What is the tens digit of h(-42)?
1
Suppose -32*y - 7602 = -46*y. What is the units digit of y?
3
Let c(z) be the second derivative of 43*z**3/6 + z**2/2 - 12*z. What is the tens digit of c(2)?
8
Let p(s) = 71*s + 162. What is the units digit of p(10)?
2
What is the units digit of (-462)/(9/3)*-4?
6
Let k = -8 - -16. Suppose 0*f = -f + k. Suppose -7*y + f = -3*y. What is the units digit of y?
2
Let u be -4 + 6 - 315/(-3). Let s = 151 - u. Suppose 0*n - 2*n + s = 0. What is the tens digit of n?
2
Suppose 0 = -2*g + 10. Suppose g*v = -2*q + 743, -2*q + 0*q = 3*v - 449. What is the units digit of v?
7
Suppose 0 = 6*a - 13230 + 5028. What is the thousands